{"id":84,"date":"2024-03-27T19:14:34","date_gmt":"2024-03-27T19:14:34","guid":{"rendered":"https:\/\/soporte.artistmanagement.app\/?page_id=84"},"modified":"2024-04-02T05:23:55","modified_gmt":"2024-04-02T05:23:55","slug":"terminos-de-servicio","status":"publish","type":"page","link":"https:\/\/soporte.artistmanagement.app\/index.php\/terminos-de-servicio\/","title":{"rendered":"T\u00e9rminos de servicio"},"content":{"rendered":"\t\t<div data-elementor-type=\"wp-page\" data-elementor-id=\"84\" class=\"elementor elementor-84\">\n\t\t\t\t<div class=\"elementor-element elementor-element-ce89974 e-flex e-con-boxed e-con e-parent\" data-id=\"ce89974\" data-element_type=\"container\" data-e-type=\"container\">\n\t\t\t\t\t<div class=\"e-con-inner\">\n\t\t<div class=\"elementor-element elementor-element-b2617e8 e-flex e-con-boxed e-con e-child\" data-id=\"b2617e8\" data-element_type=\"container\" data-e-type=\"container\">\n\t\t\t\t\t<div class=\"e-con-inner\">\n\t\t<div class=\"elementor-element elementor-element-3e233ec e-con-full e-flex e-con e-child\" data-id=\"3e233ec\" data-element_type=\"container\" data-e-type=\"container\">\n\t\t\t\t<\/div>\n\t\t<div class=\"elementor-element elementor-element-e4f4b0d e-con-full e-flex e-con e-child\" data-id=\"e4f4b0d\" data-element_type=\"container\" data-e-type=\"container\">\n\t\t\t\t<div class=\"elementor-element elementor-element-a780ccf elementor-widget elementor-widget-image\" data-id=\"a780ccf\" data-element_type=\"widget\" data-e-type=\"widget\" data-widget_type=\"image.default\">\n\t\t\t\t<div class=\"elementor-widget-container\">\n\t\t\t\t\t\t\t\t\t\t\t\t\t\t\t<img decoding=\"async\" src=\"https:\/\/soporte.artistmanagement.app\/wp-content\/uploads\/elementor\/thumbs\/ArtisTManagement_LOGO_1929_png-e1711566308223-qluaq0qhtc9lxw69exqrppy6m7fc09tr4yhv35zfzs.png\" title=\"ArtisTManagement_LOGO_1929_png\" alt=\"ArtisTManagement_LOGO_1929_png\" loading=\"lazy\" \/>\t\t\t\t\t\t\t\t\t\t\t\t\t\t\t<\/div>\n\t\t\t\t<\/div>\n\t\t\t\t<\/div>\n\t\t<div class=\"elementor-element elementor-element-d14cf32 e-con-full e-flex e-con e-child\" data-id=\"d14cf32\" data-element_type=\"container\" data-e-type=\"container\">\n\t\t\t\t<\/div>\n\t\t\t\t\t<\/div>\n\t\t\t\t<\/div>\n\t\t\t\t\t<\/div>\n\t\t\t\t<\/div>\n\t\t<div class=\"elementor-element elementor-element-078178e e-flex e-con-boxed e-con e-parent\" data-id=\"078178e\" data-element_type=\"container\" data-e-type=\"container\">\n\t\t\t\t\t<div class=\"e-con-inner\">\n\t\t\t\t<div class=\"elementor-element elementor-element-ed9f954 elementor-widget elementor-widget-text-editor\" data-id=\"ed9f954\" data-element_type=\"widget\" data-e-type=\"widget\" data-widget_type=\"text-editor.default\">\n\t\t\t\t<div class=\"elementor-widget-container\">\n\t\t\t\t\t\t\t\t\t<p><b>T\u00c9RMINOS DE SERVICIO<\/b><\/p><p>\u00a0<\/p><p><b>ALCANCE DEL SERVICIO<\/b><\/p><p>Artist Management es una soluci\u00f3n de software como servicio (SaaS) dise\u00f1ada para agilizar y mejorar las operaciones de agencias de modelos, agencias de comediantes, agencias de artistas, agencias de fot\u00f3grafos y directores de casting. Proporciona una plataforma centralizada para la gesti\u00f3n de archivos, fotos, clientes, contactos, base de datos y agendas, asegurando una organizaci\u00f3n eficiente y una colaboraci\u00f3n sin problemas.<\/p><p>\u00a0<\/p><p><b>CONCESI\u00d3N DE LICENCIA<\/b><\/p><p>Artist Management te otorga una licencia no exclusiva, no transferible para utilizar el software y los servicios de Artist Management exclusivamente con el prop\u00f3sito de gestionar tu negocio. Esta licencia no es transferible a terceros y no puede ser sublicenciada.<\/p><p>\u00a0<\/p><p><b>USO ACEPTABLE<\/b><\/p><p>De conformidad con las leyes y regulaciones aplicables, te comprometes a utilizar el software y los servicios de Artist Management de manera responsable. No deber\u00e1s utilizar la plataforma para participar en ninguna de las siguientes actividades:<\/p><ul><li aria-level=\"1\">Almacenar o transmitir contenido ilegal o da\u00f1ino, incluyendo malware, virus o spam.<\/li><li aria-level=\"1\">Infringir los derechos de propiedad intelectual de otros.<\/li><li aria-level=\"1\">Violar la privacidad de las personas al acceder, almacenar o compartir informaci\u00f3n personal sin la debida autorizaci\u00f3n.<\/li><li aria-level=\"1\">Interferir o interrumpir la funcionalidad del software o los servicios de Artist Management, lo que puede afectar la experiencia de otros usuarios.<\/li><\/ul><p>\u00a0<\/p><p>\u00a0<\/p><p><b>TARIFAS Y PAGO<\/b><\/p><p>Cuando se registra en nuestros Servicios, acepta un contrato de suscripci\u00f3n recurrente con Artist Management de forma mensual, trimestral, anual u otra base temporal que seleccione al registrarse en los Servicios.\u00a0<\/p><p>CUANDO SE REGISTRA PARA UNA SUSCRIPCI\u00d3N, USTED RECONOCE Y ACEPTA EXPRESAMENTE QUE (A) Artist Management (O NUESTRO PROCESADOR DE PAGOS DE TERCEROS) EST\u00c1 AUTORIZADO A COBRARLE MENSUAL, TRIMESTRAL, ANUAL O DE OTRA BASE, SEG\u00daN CORRESPONDA A SU SUSCRIPCI\u00d3N (ADEM\u00c1S DE CUALQUIER IMPUESTO APLICABLE Y OTROS CARGOS) DURANTE EL TIEMPO QUE SU SUSCRIPCI\u00d3N CONTIN\u00daE, Y (B) SU SUSCRIPCI\u00d3N ES CONTINUA HASTA QUE LA CANCELE O SUSPENDAMOS O DEJAMOS DE PROPORCIONAR ACCESO A LOS SERVICIOS DE ACUERDO CON ESTOS T\u00c9RMINOS. Para obtener m\u00e1s informaci\u00f3n sobre precios y planes de suscripci\u00f3n, visite nuestra p\u00e1gina\u00a0<a href=\"https:\/\/artistmanagement.app\/precios\/\">de Precios<\/a>\u00a0.<\/p><p>\u00a0<\/p><p><b>DURACI\u00d3N Y TERMINACI\u00d3N<\/b><\/p><p>Puede cancelar su suscripci\u00f3n en cualquier momento iniciando sesi\u00f3n en su cuenta y siguiendo las instrucciones en el panel de su cuenta para la cancelaci\u00f3n o contactandonos en\u00a0comunicaciones@artistmanagement.app.\u00a0Dicho aviso de cancelaci\u00f3n debe ser enviado por el propietario de la cuenta designado o un signatario autorizado. La inactividad no constituye una cancelaci\u00f3n autom\u00e1tica, por lo que, a menos que cancele su cuenta de acuerdo con esta secci\u00f3n, se le seguir\u00e1 cobrando la suscripci\u00f3n a los Servicios. Todas las solicitudes de cancelaci\u00f3n entrar\u00e1n en vigencia al final del per\u00edodo de suscripci\u00f3n vigente en ese momento en el que se realiza la solicitud de cancelaci\u00f3n, y usted ser\u00e1 responsable de todas las tarifas, impuestos aplicables y otros cargos hasta la fecha de cancelaci\u00f3n.<\/p><p>\u00a0<\/p><p><b>PROPIEDAD INTELECTUAL<\/b><\/p><p>Artist Management retiene la plena propiedad y los derechos de propiedad intelectual del software y los servicios de Artist Management. Te comprometes a no copiar, modificar o distribuir el software o los servicios sin el consentimiento expreso por escrito de Artist Management.<\/p><p>\u00a0<\/p><p><b>EXCLUSI\u00d3N DE GARANT\u00cdAS<\/b><\/p><p>Artist Management proporciona el software y los servicios de Artist Management \u201ctal cual\u201d y \u201cseg\u00fan est\u00e9n disponibles\u201d. Artist Management excluye expl\u00edcitamente cualquier garant\u00eda, expresa o impl\u00edcita, incluidas, pero no limitadas a, las garant\u00edas de comerciabilidad, idoneidad para un prop\u00f3sito particular y no infracci\u00f3n.<\/p><p>\u00a0<\/p><p><b>LIMITACI\u00d3N DE RESPONSABILIDAD<\/b><\/p><p>En ning\u00fan caso Artist Management ser\u00e1 responsable de da\u00f1os directos, indirectos, incidentales, especiales, consecuentes o ejemplares derivados de o en conexi\u00f3n con tu uso del software y los servicios de Artist Management. La responsabilidad total acumulativa de Artist Management bajo este acuerdo no exceder\u00e1 las tarifas totales pagadas por ti durante los 12 meses anteriores.<\/p><p>\u00a0<\/p><p><b>LEY APLICABLE Y RESOLUCI\u00d3N DE DISPUTAS<\/b><\/p><p>Este acuerdo se regir\u00e1 e interpretar\u00e1 de acuerdo con las leyes de Espa\u00f1a. Cualquier disputa que surja de o en conexi\u00f3n con este acuerdo estar\u00e1 sujeta a la jurisdicci\u00f3n exclusiva de los tribunales de Barcelona, Espa\u00f1a.<\/p><p>\u00a0<\/p><p><b>ACUERDO COMPLETO<\/b><\/p><p>Este acuerdo constituye el acuerdo completo entre las partes con respecto al objeto del mismo y reemplaza todas las comunicaciones, representaciones o acuerdos previos o contempor\u00e1neos, ya sean orales o escritos.<\/p><p>\u00a0<\/p><p><b>DIVISIBILIDAD<\/b><\/p><p>Si alguna disposici\u00f3n o parte de una disposici\u00f3n de estos T\u00e9rminos es ilegal, nula o inaplicable, esa disposici\u00f3n o parte de la disposici\u00f3n se considera separable de estos T\u00e9rminos y no afecta la validez y aplicabilidad de las disposiciones restantes.<\/p><p>\u00a0<\/p><p><b>RENUNCIA<\/b><\/p><p>Ninguna renuncia a cualquier disposici\u00f3n de este acuerdo ser\u00e1 efectiva a menos que est\u00e9 por escrito y firmada por ambas partes.<\/p><p>\u00a0<\/p><p><b>NOTIFICACIONES<\/b><\/p><p>Todas las notificaciones y otras comunicaciones bajo este acuerdo se considerar\u00e1n debidamente aceptadas en cuanto se inicia el primer pago de la suscripci\u00f3n seleccionada y hasta su cancelaci\u00f3n.<\/p>\t\t\t\t\t\t\t\t<\/div>\n\t\t\t\t<\/div>\n\t\t\t\t<div class=\"elementor-element elementor-element-8887797 elementor-widget elementor-widget-spacer\" data-id=\"8887797\" data-element_type=\"widget\" data-e-type=\"widget\" data-widget_type=\"spacer.default\">\n\t\t\t\t<div class=\"elementor-widget-container\">\n\t\t\t\t\t\t\t<div class=\"elementor-spacer\">\n\t\t\t<div class=\"elementor-spacer-inner\"><\/div>\n\t\t<\/div>\n\t\t\t\t\t\t<\/div>\n\t\t\t\t<\/div>\n\t\t\t\t\t<\/div>\n\t\t\t\t<\/div>\n\t\t<div class=\"elementor-element elementor-element-9605d3c e-flex e-con-boxed e-con e-parent\" data-id=\"9605d3c\" data-element_type=\"container\" data-e-type=\"container\">\n\t\t\t\t\t<div class=\"e-con-inner\">\n\t\t<div class=\"elementor-element elementor-element-fea6ea0 e-con-full e-flex e-con e-child\" data-id=\"fea6ea0\" data-element_type=\"container\" data-e-type=\"container\">\n\t\t\t\t<\/div>\n\t\t<div class=\"elementor-element elementor-element-6d968b5 e-con-full e-flex e-con e-child\" data-id=\"6d968b5\" data-element_type=\"container\" data-e-type=\"container\">\n\t\t\t\t<div class=\"elementor-element elementor-element-b1f8267 elementor-widget elementor-widget-image\" data-id=\"b1f8267\" data-element_type=\"widget\" data-e-type=\"widget\" data-widget_type=\"image.default\">\n\t\t\t\t<div class=\"elementor-widget-container\">\n\t\t\t\t\t\t\t\t\t\t\t\t\t\t\t<img decoding=\"async\" src=\"https:\/\/soporte.artistmanagement.app\/wp-content\/uploads\/elementor\/thumbs\/cropped-ICONO-qlu0i3qetvclv13jhk6hz9xzm2v3ibs2f4sqm6oamo.png\" title=\"cropped-ICONO.png\" alt=\"cropped-ICONO.png\" loading=\"lazy\" \/>\t\t\t\t\t\t\t\t\t\t\t\t\t\t\t<\/div>\n\t\t\t\t<\/div>\n\t\t\t\t<\/div>\n\t\t<div class=\"elementor-element elementor-element-e3e65f1 e-con-full e-flex e-con e-child\" data-id=\"e3e65f1\" data-element_type=\"container\" data-e-type=\"container\">\n\t\t\t\t<\/div>\n\t\t\t\t\t<\/div>\n\t\t\t\t<\/div>\n\t\t<div class=\"elementor-element elementor-element-6c66a99 e-flex e-con-boxed e-con e-parent\" data-id=\"6c66a99\" data-element_type=\"container\" data-e-type=\"container\">\n\t\t\t\t\t<div class=\"e-con-inner\">\n\t\t\t\t<div class=\"elementor-element elementor-element-263ff1b eael_simple_menu_hamburger_disable_selected_menu_no eael-simple-menu-hamburger-align-right eael-hamburger--tablet elementor-widget elementor-widget-eael-simple-menu\" data-id=\"263ff1b\" data-element_type=\"widget\" data-e-type=\"widget\" data-widget_type=\"eael-simple-menu.default\">\n\t\t\t\t<div class=\"elementor-widget-container\">\n\t\t\t\t\t<style>\n                        @media screen and (max-width: 1024px) {\n                            .eael-hamburger--tablet {\n                                .eael-simple-menu-horizontal,\n                                .eael-simple-menu-vertical {\n                                    display: none;\n                                }\n                            }\n                            .eael-hamburger--tablet {\n                                .eael-simple-menu-container .eael-simple-menu-toggle {\n                                    display: block;\n                                }\n                            }\n                        }\n                        .eael-simple-menu-container.eael-simple-menu--loading > ul {\n                            display: -webkit-box !important;\n                            display: -ms-flexbox !important;\n                            display: flex !important;\n                            list-style: none !important;\n                        }\n                        .eael-simple-menu-container.eael-simple-menu--loading li ul {\n                            visibility: hidden !important;\n                            opacity: 0 !important;\n                        }\n                    <\/style>            <div data-hamburger-icon=\"&lt;svg aria-hidden=&quot;true&quot; class=&quot;e-font-icon-svg e-fas-bars&quot; viewBox=&quot;0 0 448 512&quot; xmlns=&quot;http:\/\/www.w3.org\/2000\/svg&quot;&gt;&lt;path d=&quot;M16 132h416c8.837 0 16-7.163 16-16V76c0-8.837-7.163-16-16-16H16C7.163 60 0 67.163 0 76v40c0 8.837 7.163 16 16 16zm0 160h416c8.837 0 16-7.163 16-16v-40c0-8.837-7.163-16-16-16H16c-8.837 0-16 7.163-16 16v40c0 8.837 7.163 16 16 16zm0 160h416c8.837 0 16-7.163 16-16v-40c0-8.837-7.163-16-16-16H16c-8.837 0-16 7.163-16 16v40c0 8.837 7.163 16 16 16z&quot;&gt;&lt;\/path&gt;&lt;\/svg&gt;\" data-indicator-icon=\"&lt;svg aria-hidden=&quot;true&quot; class=&quot;e-font-icon-svg e-fas-angle-down&quot; viewBox=&quot;0 0 320 512&quot; xmlns=&quot;http:\/\/www.w3.org\/2000\/svg&quot;&gt;&lt;path d=&quot;M143 352.3L7 216.3c-9.4-9.4-9.4-24.6 0-33.9l22.6-22.6c9.4-9.4 24.6-9.4 33.9 0l96.4 96.4 96.4-96.4c9.4-9.4 24.6-9.4 33.9 0l22.6 22.6c9.4 9.4 9.4 24.6 0 33.9l-136 136c-9.2 9.4-24.4 9.4-33.8 0z&quot;&gt;&lt;\/path&gt;&lt;\/svg&gt;\" data-dropdown-indicator-icon=\"&lt;svg class=&quot;e-font-icon-svg e-fas-angle-down&quot; viewBox=&quot;0 0 320 512&quot; xmlns=&quot;http:\/\/www.w3.org\/2000\/svg&quot;&gt;&lt;path d=&quot;M143 352.3L7 216.3c-9.4-9.4-9.4-24.6 0-33.9l22.6-22.6c9.4-9.4 24.6-9.4 33.9 0l96.4 96.4 96.4-96.4c9.4-9.4 24.6-9.4 33.9 0l22.6 22.6c9.4 9.4 9.4 24.6 0 33.9l-136 136c-9.2 9.4-24.4 9.4-33.8 0z&quot;&gt;&lt;\/path&gt;&lt;\/svg&gt;\" class=\"eael-simple-menu-container eael-simple-menu--loading eael-simple-menu-align-center eael-simple-menu-dropdown-align-left preset-2\" data-hamburger-breakpoints=\"{&quot;mobile&quot;:&quot;M\\u00f3vil vertical (&gt; 767px)&quot;,&quot;tablet&quot;:&quot;Tableta vertical (&gt; 1024px)&quot;,&quot;desktop&quot;:&quot;Escritorio (&gt; 2400px)&quot;,&quot;none&quot;:&quot;Ninguno&quot;}\" data-hamburger-device=\"tablet\">\n                <ul id=\"menu-menu\" class=\"eael-simple-menu eael-simple-menu-dropdown-animate-to-top eael-simple-menu-indicator eael-simple-menu-horizontal\"><li id=\"menu-item-102\" class=\"menu-item menu-item-type-post_type menu-item-object-page menu-item-102\"><a href=\"https:\/\/soporte.artistmanagement.app\/index.php\/terminos-de-servicio\/\">T\u00e9rminos de servicio<\/a><\/li>\n<li id=\"menu-item-101\" class=\"menu-item menu-item-type-post_type menu-item-object-page menu-item-privacy-policy menu-item-101\"><a rel=\"privacy-policy\" href=\"https:\/\/soporte.artistmanagement.app\/index.php\/politica-de-privacidad\/\">Pol\u00edtica de Privacidad<\/a><\/li>\n<li id=\"menu-item-191\" class=\"menu-item menu-item-type-post_type menu-item-object-page menu-item-191\"><a href=\"https:\/\/soporte.artistmanagement.app\/index.php\/soporte-y-formacion\/\">Soporte y Formaci\u00f3n<\/a><\/li>\n<\/ul>                <button class=\"eael-simple-menu-toggle\">\n                    <span class=\"sr-only \">Men\u00fa conmutador hamburguesa<\/span>\n                    <svg aria-hidden=\"true\" class=\"e-font-icon-svg e-fas-bars\" viewBox=\"0 0 448 512\" xmlns=\"http:\/\/www.w3.org\/2000\/svg\"><path d=\"M16 132h416c8.837 0 16-7.163 16-16V76c0-8.837-7.163-16-16-16H16C7.163 60 0 67.163 0 76v40c0 8.837 7.163 16 16 16zm0 160h416c8.837 0 16-7.163 16-16v-40c0-8.837-7.163-16-16-16H16c-8.837 0-16 7.163-16 16v40c0 8.837 7.163 16 16 16zm0 160h416c8.837 0 16-7.163 16-16v-40c0-8.837-7.163-16-16-16H16c-8.837 0-16 7.163-16 16v40c0 8.837 7.163 16 16 16z\"><\/path><\/svg>                <\/button>\n            <\/div>\n            \t\t\t\t<\/div>\n\t\t\t\t<\/div>\n\t\t\t\t\t<\/div>\n\t\t\t\t<\/div>\n\t\t\t\t<\/div>\n\t\t","protected":false},"excerpt":{"rendered":"<p>T\u00c9RMINOS DE SERVICIO \u00a0 ALCANCE DEL SERVICIO Artist Management es una soluci\u00f3n de software como servicio (SaaS) dise\u00f1ada para agilizar y mejorar las operaciones de agencias de modelos, agencias de comediantes, agencias de artistas, agencias de fot\u00f3grafos y directores de casting. Proporciona una plataforma centralizada para la gesti\u00f3n de archivos, fotos, clientes, contactos, base de&hellip; <a class=\"more-link\" href=\"https:\/\/soporte.artistmanagement.app\/index.php\/terminos-de-servicio\/\">Seguir leyendo <span class=\"screen-reader-text\">T\u00e9rminos de servicio<\/span><\/a><\/p>\n","protected":false},"author":1,"featured_media":0,"parent":0,"menu_order":0,"comment_status":"closed","ping_status":"closed","template":"elementor_canvas","meta":{"footnotes":""},"class_list":["post-84","page","type-page","status-publish","hentry","entry"],"_links":{"self":[{"href":"https:\/\/soporte.artistmanagement.app\/index.php\/wp-json\/wp\/v2\/pages\/84","targetHints":{"allow":["GET"]}}],"collection":[{"href":"https:\/\/soporte.artistmanagement.app\/index.php\/wp-json\/wp\/v2\/pages"}],"about":[{"href":"https:\/\/soporte.artistmanagement.app\/index.php\/wp-json\/wp\/v2\/types\/page"}],"author":[{"embeddable":true,"href":"https:\/\/soporte.artistmanagement.app\/index.php\/wp-json\/wp\/v2\/users\/1"}],"replies":[{"embeddable":true,"href":"https:\/\/soporte.artistmanagement.app\/index.php\/wp-json\/wp\/v2\/comments?post=84"}],"version-history":[{"count":16,"href":"https:\/\/soporte.artistmanagement.app\/index.php\/wp-json\/wp\/v2\/pages\/84\/revisions"}],"predecessor-version":[{"id":181,"href":"https:\/\/soporte.artistmanagement.app\/index.php\/wp-json\/wp\/v2\/pages\/84\/revisions\/181"}],"wp:attachment":[{"href":"https:\/\/soporte.artistmanagement.app\/index.php\/wp-json\/wp\/v2\/media?parent=84"}],"curies":[{"name":"wp","href":"https:\/\/api.w.org\/{rel}","templated":true}]}}